{"id":535,"date":"2023-07-21T11:36:33","date_gmt":"2023-07-21T09:36:33","guid":{"rendered":"https:\/\/marcomarinho.fr\/?page_id=535"},"modified":"2023-07-21T12:00:45","modified_gmt":"2023-07-21T10:00:45","slug":"donnees-personnelles","status":"publish","type":"page","link":"https:\/\/marcomarinho.fr\/index.php\/donnees-personnelles\/","title":{"rendered":"Donn\u00e9es personnelles"},"content":{"rendered":"\n<p><strong>POLITIQUE DE PROTECTION DES DONN\u00c9ES \u00c0 CARACT\u00c8RE PERSONNEL :<\/strong><br>Lors de votre navigation sur notre site (adresse ip), et notamment par l&rsquo;utilisation du formulaire de contact, vous \u00eates amen\u00e9s \u00e0 communiquer des donn\u00e9es personnelles (t\u00e9l\u00e9phone, adresse e-mail) \u00e0 MONSIEUR MARCO MESQUITA MARINHO, entrepreneur individuel localis\u00e9e \u00e0 CONFLANS-SAINTE-HONORINE (78700), n\u00e9cessaire \u00e0 la r\u00e9alisation de son activit\u00e9 professionnelle. Nous vous remercions de votre confiance et tenons \u00e0 vous informer ici sur l\u2019utilisation de vos donn\u00e9es ainsi que sur vos droits.<\/p>\n\n\n\n<div style=\"height:13px\" aria-hidden=\"true\" class=\"wp-block-spacer\"><\/div>\n\n\n\n<p><strong>LE RESPONSABLE DE TRAITEMENT :<\/strong><br>Le responsable de traitement des donn\u00e9es \u00e0 caract\u00e8re personnel est la soci\u00e9t\u00e9 MarcoMarinho dont vous trouverez les coordonn\u00e9es dans les mentions l\u00e9gales.<\/p>\n\n\n\n<div style=\"height:11px\" aria-hidden=\"true\" class=\"wp-block-spacer\"><\/div>\n\n\n\n<p><strong>Modalit\u00e9s de traitement et Finalit\u00e9s<br><\/strong>Le traitement des donn\u00e9es (t\u00e9l\u00e9phone et e-mail communiqu\u00e9s par le formulaire de contact) peut \u00eatre n\u00e9cessaire \u00e0 l\u2019accomplissement des services mentionn\u00e9s sur notre site internet, et ne sont pas stock\u00e9es sur les serveurs. Elles nous permettent de r\u00e9pondre \u00e0 vos demandes et \u00e0 vous recontacter.<\/p>\n\n\n\n<div style=\"height:13px\" aria-hidden=\"true\" class=\"wp-block-spacer\"><\/div>\n\n\n\n<p><strong>Dur\u00e9e de conservation<\/strong><br>Les donn\u00e9es (t\u00e9l\u00e9phone et e-mail communiqu\u00e9s par le formulaire de contact) sont conserv\u00e9es pour la dur\u00e9e n\u00e9cessaire \u00e0 l\u2019accomplissement des services propos\u00e9s par MONSIEUR MARCO MESQUITA MARINHO, entrepreneur individuel localis\u00e9e \u00e0 CONFLANS-SAINTE-HONORINE (78700).<\/p>\n\n\n\n<div style=\"height:11px\" aria-hidden=\"true\" class=\"wp-block-spacer\"><\/div>\n\n\n\n<p><strong>FORMALIT\u00c9S CNIL :<\/strong><br>Vos donn\u00e9es personnelles n&rsquo;ont pas vocation \u00e0 \u00eatre conserv\u00e9es informatiquement par la soci\u00e9t\u00e9 MarcoMarinho, aucune cr\u00e9ation de compte personnel sur le site n&rsquo;est n\u00e9cessaire, nous n\u2019avons donc pas effectu\u00e9 de d\u00e9claration du traitement de donn\u00e9es \u00e0 la CNIL.<\/p>\n\n\n\n<p><strong>Vos droits<br><\/strong>Chaque personne concern\u00e9e dispose d\u2019un droit d\u2019acc\u00e8s, de modification, de rectification, d\u2019effacement et, le cas \u00e9ch\u00e9ant, de portabilit\u00e9 des donn\u00e9es personnelles la concernant, conform\u00e9ment aux dispositions de la loi relative \u00e0 l\u2019informatique, aux fichiers et aux libert\u00e9s du 6 janvier 1978 dans sa version en vigueur \u00e0 la date des pr\u00e9sentes, et conform\u00e9ment \u00e0 la r\u00e8glementation communautaire.<br>Les droits d\u2019acc\u00e8s, de modification, de rectification et d\u2019effacement pr\u00e9vus au paragraphe pr\u00e9c\u00e9dent, s\u2019exercent via le formulaire de contact du site et\/ou par courrier postal.<\/p>\n\n\n\n<div style=\"height:13px\" aria-hidden=\"true\" class=\"wp-block-spacer\"><\/div>\n\n\n\n<p><strong>Cookies<\/strong><br>Notre site internet n&rsquo;utilise pas de cookies (petits fichiers texte enregistr\u00e9s sur votre disque dur).<\/p>\n\n\n\n<div style=\"height:6px\" aria-hidden=\"true\" class=\"wp-block-spacer\"><\/div>\n","protected":false},"excerpt":{"rendered":"<p>POLITIQUE DE PROTECTION DES DONN\u00c9ES \u00c0 CARACT\u00c8RE PERSONNEL :Lors de votre navigation sur notre site (adresse ip), et notamment par l&rsquo;utilisation du formulaire de contact, vous \u00eates amen\u00e9s \u00e0 communiquer des donn\u00e9es personnelles (t\u00e9l\u00e9phone, adresse e-mail) \u00e0 MONSIEUR MARCO MESQUITA MARINHO, entrepreneur individuel localis\u00e9e \u00e0 CONFLANS-SAINTE-HONORINE (78700), n\u00e9cessaire \u00e0 la r\u00e9alisation de son activit\u00e9 professionnelle. &hellip; <\/p>\n<p class=\"link-more\"><a href=\"https:\/\/marcomarinho.fr\/index.php\/donnees-personnelles\/\" class=\"more-link\">Continue reading<span class=\"screen-reader-text\"> \u00ab\u00a0Donn\u00e9es personnelles\u00a0\u00bb<\/span><\/a><\/p>\n","protected":false},"author":1,"featured_media":0,"parent":0,"menu_order":0,"comment_status":"closed","ping_status":"closed","template":"","meta":{"footnotes":""},"class_list":["post-535","page","type-page","status-publish","hentry"],"_links":{"self":[{"href":"https:\/\/marcomarinho.fr\/index.php\/wp-json\/wp\/v2\/pages\/535","targetHints":{"allow":["GET"]}}],"collection":[{"href":"https:\/\/marcomarinho.fr\/index.php\/wp-json\/wp\/v2\/pages"}],"about":[{"href":"https:\/\/marcomarinho.fr\/index.php\/wp-json\/wp\/v2\/types\/page"}],"author":[{"embeddable":true,"href":"https:\/\/marcomarinho.fr\/index.php\/wp-json\/wp\/v2\/users\/1"}],"replies":[{"embeddable":true,"href":"https:\/\/marcomarinho.fr\/index.php\/wp-json\/wp\/v2\/comments?post=535"}],"version-history":[{"count":0,"href":"https:\/\/marcomarinho.fr\/index.php\/wp-json\/wp\/v2\/pages\/535\/revisions"}],"wp:attachment":[{"href":"https:\/\/marcomarinho.fr\/index.php\/wp-json\/wp\/v2\/media?parent=535"}],"curies":[{"name":"wp","href":"https:\/\/api.w.org\/{rel}","templated":true}]}}